 divide 15985519?
False
Is 6 a factor of 474050?
False
Does 22 divide 3657509?
False
Is 1218157090 a multiple of 155?
True
Does 16 divide 1705893536?
True
Is 37282742 a multiple of 1267?
True
Does 46 divide 70846762?
True
Is 9 a factor of 19219743?
True
Is 1260557478 a multiple of 461?
True
Is 73878674 a multiple of 1185?
False
Does 25 divide 48390550?
True
Does 484 divide 226830472?
True
Is 1463048609 a multiple of 170?
False
Is 5 a factor of 31839920?
True
Does 1090 divide 449717650?
True
Is 4328499 a multiple of 651?
True
Does 79 divide 21683326?
False
Does 261 divide 1591679412?
False
Is 44403559 a multiple of 373?
False
Does 2348 divide 376177776?
True
Is 9740946 a multiple of 147?
False
Is 777084990 a multiple of 110?
True
Does 9 divide 78567829?
False
Does 7 divide 14621194?
True
Is 1047 a factor of 21056217?
True
Is 10 a factor of 52977349?
False
Does 287 divide 4395834?
False
Is 40 a factor of 187544?
False
Does 12 divide 7158883521?
False
Is 35 a factor of 297964450?
True
Does 82 divide 73328916?
False
Does 738 divide 112826178?
True
Is 223 a factor of 2377575602?
True
Does 2552 divide 1012922130?
False
Is 777858678 a multiple of 618?
True
Does 2916 divide 328286744?
False
Is 1092 a factor of 2870569?
False
Does 10 divide 24669300?
True
Is 4302380173 a multiple of 1421?
True
Does 790 divide 3166755290?
True
Is 16558806 a multiple of 534?
True
Does 11 divide 107622846?
False
Is 10 a factor of 23301521?
False
Does 647 divide 85669270?
True
Is 581 a factor of 14006167?
True
Is 2 a factor of 20952070?
True
Is 51118749 a multiple of 297?
True
Does 17 divide 18189359?
False
Does 272 divide 17986816?
True
Is 121 a factor of 734623820?
False
Is 31 a factor of 535814354?
True
Is 33 a factor of 6613505844?
True
Is 510235036 a multiple of 1091?
False
Does 10 divide 2003397977?
False
Is 30 a factor of 89877223?
False
Is 5 a factor of 171784442?
False
Does 227 divide 483716809?
False
Is 241 a factor of 6615678?
False
Is 479 a factor of 979209036?
False
Does 73 divide 52109371?
True
Is 466698914 a multiple of 11?
True
Is 516510978 a multiple of 12?
False
Is 2269592570 a multiple of 3955?
True
Is 162 a factor of 200147976?
False
Is 16 a factor of 5320361?
False
Is 441741375 a multiple of 1493?
True
Does 79 divide 103613635?
True
Does 465 divide 180301214?
False
Does 526 divide 292538582?
True
Does 122 divide 621120251?
False
Is 93 a factor of 198597966?
True
Does 19 divide 319823913?
False
Is 751224485 a multiple of 2476?
False
Is 1360 a factor of 89487921?
False
Does 6052 divide 7464536?
False
Is 19 a factor of 27474646?
True
Is 1993293099 a multiple of 49?
True
Is 277669060 a multiple of 71?
False
Is 377301379 a multiple of 1651?
True
Is 81 a factor of 43038661?
False
Is 50175270 a multiple of 474?
True
Is 38 a factor of 59135888?
False
Is 65 a factor of 689816595?
True
Is 2559 a factor of 19027215?
False
Does 27 divide 6848064?
True
Is 1925 a factor of 212802975?
True
Is 6 a factor of 9070408?
False
Does 8 divide 11549654?
False
Does 4717 divide 690219742?
True
Does 256 divide 267069045?
False
Is 325 a factor of 33885785?
False
Does 12389 divide 1978436577?
True
Does 28 divide 13321257?
False
Does 366 divide 14245452?
True
Is 39 a factor of 25301293?
False
Is 3032 a factor of 23273632?
True
Is 23 a factor of 124358723?
True
Is 6082 a factor of 1205691027?
False
Does 8 divide 7608920?
True
Does 5 divide 116020126?
False
Is 4519892376 a multiple of 852?
True
Is 12441414 a multiple of 582?
True
Is 114 a factor of 2985978135?
False
Is 3558 a factor of 2036019246?
True
Does 188 divide 50236646?
False
Is 22 a factor of 198638858?
True
Is 14790106 a multiple of 25?
False
Is 66910896 a multiple of 234?
True
Is 413 a factor of 1235851701?
True
Is 111 a factor of 160059067?
False
Is 7522940502 a multiple of 5082?
True
Does 86 divide 1338643?
False
Is 66675720 a multiple of 20?
True
Is 9195736 even?
True
Does 2286 divide 1144794756?
False
Is 261 a factor of 3278274318?
True
Does 19 divide 124021576?
False
Does 2799 divide 2134797300?
True
Is 430055243 a multiple of 1561?
False
Does 68 divide 3735215934?
False
Is 3 a factor of 10701880?
False
Is 95712859 a multiple of 983?
False
Is 265916889 a multiple of 9?
True
Is 479 a factor of 1260618331?
False
Is 642103686 a multiple of 173?
True
Is 6148 a factor of 2099256866?
False
Does 916 divide 531367936?
True
Is 19 a factor of 54040650?
False
Is 317592448 a multiple of 128?
True
Is 279598590 a multiple of 27?
False
Is 338 a factor of 2075569213?
False
Is 876206925 a multiple of 275?
True
Is 250233994 a multiple of 52?
False
Is 1890 a factor of 39732096?
False
Does 7 divide 845780?
False
Is 3 a factor of 66643563?
True
Is 248441211 a multiple of 155?
False
Is 48303554 a multiple of 464?
False
Is 4724954608 a multiple of 632?
True
Is 3 a factor of 8805996?
True
Is 122 a factor of 13925812?
True
Does 26 divide 5144069?
False
Is 891192843 a multiple of 609?
False
Is 70902180 a multiple of 18?
True
Is 395 a factor of 24588191?
False
Is 123 a factor of 25635163?
False
Is 4055 a factor of 741537166?
False
Is 2629 a factor of 74402678?
False
Is 17 a factor of 902972612?
True
Is 388 a factor of 56793500?
True
Is 563 a factor of 18238948?
True
Is 119 a factor of 268197756?
False
Does 697 divide 30479656?
False
Is 5245 a factor of 514658355?
False
Does 62 divide 1618194?
False
Is 199 a factor of 52070539?
True
Does 535 divide 126540617?
False
Is 332836080 a multiple of 8616?
True
Is 126 a factor of 33850278?
True
Is 1163536948 a multiple of 6769?
True
Is 18 a factor of 138366478?
False
Is 594 a factor of 35221230?
True
Is 227 a factor of 75980305?
True
Does 5 divide 973660?
True
Is 358 a factor of 254369024?
True
Is 1076910456 a multiple of 3?
True
Is 375330051 a multiple of 31?
True
Is 38454348 a multiple of 119?
False
Is 530481021 a multiple of 29?
True
Does 5 divide 73886459?
False
Is 161646511 a multiple of 169?
False
Is 29 a factor of 301162564?
True
Does 904 divide 69997624?
True
Is 846731451 a multiple of 28?
False
Does 110 divide 3221632480?
True
Is 60630094 a multiple of 3306?
False
Is 18664429 a multiple of 29?
True
Is 2955860375 a multiple of 9?
False
Is 38 a factor of 26404528?
True
Is 84560940 a multiple of 139?
False
Does 940 divide 1421927381?
False
Is 7889400 a multiple of 27?
True
Is 11515921 a multiple of 5?
False
Is 221578690 a multiple of 1579?
False
Is 463 a factor of 292029379?
True
Does 130 divide 24075610?
True
Is 498197633 a multiple of 58?
False
Is 40781904 a multiple of 1383?
True
Is 6664615 a multiple of 515?
True
Is 192502352 a multiple of 56?
True
Is 85403262 a multiple of 18?
False
Is 196159528 a multiple of 30?
False
Is 1058 a factor of 78993454?
True
Is 871 a factor of 80396784?
True
Is 19760246 a multiple of 1821?
False
Is 70 a factor of 4295900?
True
Is 11 a factor of 139381880?
True
Is 2894 a factor of 2120685123?
False
Is 185789072 a multiple of 14?
True
Is 153392802 a multiple of 718?
True
Does 2 divide 47329273?
False
Does 5118 divide 102635948?
False
Does 11 divide 769268467?
True
Is 94498298 a multiple of 9?
False
Is 74719200 a multiple of 240?
True
Is 90039825 a multiple of 69?
True
Is 724590 a multiple of 83?
True
Does 766 divide 1522585860?
True
Is 691024962 a multiple of 295?
False
Does 45 divide 26071883?
False
Does 251 divide 1038575501?
True
Is 3314142 a multiple of 27?
True
Is 351975652 a multiple of 41?
True
Is 8134202 a multiple of 6?
False
Is 194612236 a multiple of 26?
True
Is 240 a factor of 6910194?
False
Is 1020 a factor of 160135142?
False
Does 170 divide 462750143?
False
Does 145 divide 152796531?
False
Is 98 a factor of 437090976?
True
Does 6 divide 224470165?
False
Is 79 a factor of 3881921942?
False
Is 2573470264 a multiple of 297?
False
Is 21 a factor of 18165168?
True
Is 66946572 a multiple of 924?
True
Is 14339269 a multiple of 7?
True
Is 19 a factor of 760323494?
True
Is 1493 a factor of 219654639?
True
Does 786 divide 564083331?
False
Is 151 a factor of 3443421943?
False
Is 247 a factor of 570638666?
True
Is 943911753 a multiple of 291?
True
Is 448038988 a multiple of 343?
False
Is 183 a factor of 519443121?
True
Is 132498596 a multiple of 189?
False
Does 160 divide 83180320?
True
Is 593 a factor of 10672001?
False
Is 1298301642 a multiple of 66?
True
D